
11
List the prime factors of 10 + 0 + 33/55*5.
13
Let d(t) = -8*t + 25. Let f be d(-13). Suppose -4*u = -2*b + 3*b - f, 3*b - 77 = -2*u. What are the prime factors of u?
31
Let x(v) = -6 + 6 + v**2 - 2*v. Let s be x(4). What are the prime factors of (-8)/s + 52/2?
5
Let k(j) = 85*j**2 + 13*j - 5. List the prime factors of k(-3).
7, 103
Suppose 4*q + 5*t = 8342, 5*t = -q + 345 + 1733. List the prime factors of q.
2, 3, 29
Let b(j) = 4*j**2 - 25*j + 11. Let y be b(6). Suppose 130 = y*i - 255. List the prime factors of i.
7, 11
Let b(a) = -29*a + 151. What are the prime factors of b(-30)?
1021
Suppose -55 = 10*s + s. Let q = -5 - -3. What are the prime factors of (88/20)/(q/s)?
11
Suppose 3*n + 124 = 4*i + 7*n, 0 = -2*i + 2*n + 82. Suppose -47 = -4*f + 273. Suppose -f = -4*y + 4*k, y - i = -2*y - 3*k. List the prime factors of y.
2
Let v(d) = -d**3 + 4*d**2 - 2*d - 4. Suppose -2*x - 2*f = -2 + 8, 4*f = 0. What are the prime factors of v(x)?
5, 13
Let t = 35 + -23. Let x(a) = -a**2 + 17*a + 27. What are the prime factors of x(t)?
3, 29
Let w = -62 + 35. Let r be w/(-36) + 26/8. Suppose 2*t - 51 = x, x + 76 = r*t - 21. List the prime factors of t.
23
Suppose -2*l + 565 = -l. List the prime factors of l.
5, 113
Let h = 11 - 17. Let w = h + -42. What are the prime factors of (-756)/w - 2/(-8)?
2
Suppose 5*f = 8*f + 93. Suppose -5*r - 79 = 16. Let z = r - f. List the prime factors of z.
2, 3
Suppose 0 = 3*w - 5*w - 5*j + 31, -2*w = 3*j - 25. Suppose 4*k = 3*c - 2, 3*c + 4*k = w + 2. Suppose 4 = -c*o + 38. List the prime factors of o.
17
Let q(h) = 5*h**3 - 3*h + 14*h**2 - 3*h**2 - 37 - 4*h**3. What are the prime factors of q(-9)?
2, 19
Let f be (-6 - -6)/(1/1). Suppose -11*j + 6*j - 310 = f. Let l = j - -120. List the prime factors of l.
2, 29
Let j = 31 + -26. Suppose o - 1 - 2 = 0. Suppose 0 = -j*m + o*u - u + 207, 3*u + 208 = 5*m. What are the prime factors of m?
41
Let t(n) = -2*n + 3. Let i be t(-6). Let z be 124/(-6) - 5/i. Let l = 31 + z. List the prime factors of l.
2, 5
Let l(r) = 3*r - 2*r**2 + r**2 + 2 + r. Let a be l(4). What are the prime factors of (-7)/(a - 52/24)?
2, 3, 7
Suppose -5*t = 4*f - 14, t - 3 = 2*t - 5*f. Let w(r) = -5*r + r + 0 + t*r**2 + 3 - 3*r. List the prime factors of w(5).
2, 3
Suppose 3*t + 4 - 16 = 0. Let f = 265 + -157. Suppose t*x - f = 52. What are the prime factors of x?
2, 5
Suppose -1160 = q - 9*q. Let i = q + -50. What are the prime factors of i?
5, 19
Let q = -968 - -1670. What are the prime factors of q?
2, 3, 13
Suppose r + 2*f + 1843 = 4*r, 3*r - 1850 = -5*f. List the prime factors of r.
3, 5, 41
Let o = -1811 - -2793. List the prime factors of o.
2, 491
Let p be (-86)/(-6) - (-2)/(-6). Let x(i) = 8*i - 22. Let r be x(3). Suppose -r*c + 74 = p. List the prime factors of c.
2, 3, 5
Suppose -2*u = 2*r - 1336, 3*u - 4*u - 4*r = -656. What are the prime factors of u?
2, 3, 7
Let u(l) = -13*l**2 + 2*l - 1. Let x be u(1). Let b(d) = -6*d**2 + 45*d + 3. Let z be b(7). Let h = x + z. List the prime factors of h.
2, 3
Let f be (3/2)/((-30)/(-5600)). Suppose -5*v = -31 + 6, -3*v + f = 5*n. Let h = n + -36. What are the prime factors of h?
17
Let l(h) be the second derivative of h**5/20 + h**4/12 - h**3/3 + 58*h**2 - h. What are the prime factors of l(0)?
2, 29
Let u(c) = -99*c + 9. Let j(g) = -197*g + 19. Let d(h) = 3*j(h) - 7*u(h). What are the prime factors of d(1)?
2, 3
Let l(u) = u**2 - 19*u - 23. Let n(a) = 2*a**2 + 8*a + 5. Let y be n(-6). What are the prime factors of l(y)?
3, 89
Suppose 4*g = 3*j + 3*g - 2170, -2*g - 2171 = -3*j. List the prime factors of j.
3, 241
List the prime factors of 595*((-2)/(-3))/(35/42).
2, 7, 17
Let f = 647 + -1527. List the prime factors of (f/12 + -3)/(2/(-6)).
229
Suppose 35*g - 4326 = 28*g. List the prime factors of g.
2, 3, 103
Let h(b) = 43*b - 101. List the prime factors of h(16).
587
Let j = 54 - -865. What are the prime factors of j?
919
Let u = 3499 + -1251. What are the prime factors of u?
2, 281
Suppose 5178 = 27*t - 21*t. What are the prime factors of t?
863
Suppose -513 = -2*r - 49. Suppose 0 = -0*d - 4*d + r. What are the prime factors of d?
2, 29
Let n = 5 + 14. Let x(v) = v**3 - 18*v**2 - 18*v + 5. Let k be x(n). Suppose 0 = 4*f - 212 - k. List the prime factors of f.
59
Let s(l) = l**2 + 7*l. Let j be s(-7). Suppose -n + j = -6. Suppose 0 = -2*u + n*u - 124. What are the prime factors of u?
31
Let p(g) = g**3 - 9*g**2 - 27*g - 30. List the prime factors of p(13).
5, 59
Suppose -4*m + 5*o + 7 = 6*o, 1 = 2*m + 3*o. Suppose 5*b - 223 = -m*a - a, 5*a = b + 381. List the prime factors of a.
2, 19
Suppose 6*a - 5*a - 5 = 0. Let u(n) = -5*n + 37. List the prime factors of u(a).
2, 3
Suppose -3*k + 24 = -4*x, 0*x + 5*k + 24 = -4*x. Let q(i) = -17*i - 5. Let a be q(x). Let z = a + -52. What are the prime factors of z?
3, 5
Let i(b) = 8*b**2 - 15*b**2 + 0*b**3 + 8 - b**3 + 8*b. What are the prime factors of i(-9)?
2, 7
Suppose 3*s - 20 = -2*s, -8 = 2*f - 4*s. Let v(b) = -7*b + f + 3 + 9. What are the prime factors of v(-5)?
3, 17
Suppose -5*y + 5 + 60 = 0. Suppose -o = -y - 27. List the prime factors of o.
2, 5
Let d = 3542 - 1505. What are the prime factors of d?
3, 7, 97
Let v = 1487 - 887. List the prime factors of v.
2, 3, 5
Let k be ((-2)/3)/(1/(-3)). Let u = k + 2. List the prime factors of (112/12)/(u/12).
2, 7
Let q(c) = -c**2 - 14*c - 19. Let v be q(-12). Suppose -v*n = 4*s - 0*n - 32, 8 = s - n. What are the prime factors of s?
2
Let m(w) = -w**3 - 6*w**2 + 7*w + 47. List the prime factors of m(-7).
47
Suppose 7*c - 3*c - 16 = 0. Suppose 6*i = 5*i + 3*f - 34, 0 = -i - c*f - 62. List the prime factors of (-3)/6*i - 0.
23
Let d be 2/(-4) + 51/6. Suppose 2*u + 0*u + d = m, -3*m - 8 = 2*u. What are the prime factors of (-60)/(-2) + m + 2?
2
Let s = -1499 + 2730. Suppose 0 = 4*q - 5*z - s, -3*q - 1580 = -8*q - 2*z. What are the prime factors of q?
2, 157
Let d(z) = z**3 - 12*z**2 + 6*z - 19. List the prime factors of d(14).
457
Let q(r) = -73*r - 4. Let k be q(2). Let z be k/(-48) + (-1)/8. What are the prime factors of 1/z*(71 - 8)?
3, 7
Let p(y) = y + 8. Let s be p(-8). Suppose -2*n + 34 + 48 = s. What are the prime factors of n?
41
Let l(x) = 4*x + 3. Let g be l(4). Let f = -4 + g. List the prime factors of f.
3, 5
Suppose -136*z + 111306 = -97*z. What are the prime factors of z?
2, 1427
Let o = 58 + -60. What are the prime factors of 26911/136 + o/(-16)?
2, 3, 11
Let c be -69*4/(-18) - (-16)/(-12). Suppose 258 = -8*p + c*p. What are the prime factors of p?
43
Let p(i) = -3*i + 13. Let j be p(3). Suppose 3*g = -j*w + 259, 4*g + w - 2*w - 320 = 0. List the prime factors of g.
3
Let f(j) = j**3 - 13*j**2 + 12*j + 5. Let o be 8/(-36) - (-130)/18. Let k(t) = t**2 - 6*t + 5. Let w be k(o). List the prime factors of f(w).
5
What are the prime factors of (131/(-2))/((-1)/2)?
131
Suppose -4*a = -5*s - 1033, 4*a + 3*s = 305 + 688. Suppose 3*l + 5*w - 420 = -2*l, 3*l - 2*w - a = 0. Let b = -53 + l. List the prime factors of b.
31
Suppose -5*d + 1823 = 3*u, 4*u = 7*d - 4*d + 2421. List the prime factors of u.
2, 3, 101
Let c = -391 - -656. Suppose -111 = -4*f + c. List the prime factors of f.
2, 47
Suppose 41*v + 8000 = 49*v. List the prime factors of v.
2, 5
Suppose 0 = -5*l - 20, 0 = r - 0*r - 3*l - 423. Suppose 0*k = -5*s - k + r, 84 = s + 2*k. List the prime factors of s.
2, 41
Let k(i) = 6*i**3 + 14*i**2 + 36*i + 10. What are the prime factors of k(7)?
2, 3, 167
Let b(n) be the first derivative of 3*n**3 - 4*n - 14. What are the prime factors of b(-2)?
2
Suppose -174*l = -180*l + 1974. What are the prime factors of l?
7, 47
Suppose 11*z - 40 = 3*z. Suppose 24 + 20 = 2*o - 4*x, -z*x + 44 = 2*o. What are the prime factors of o?
2, 11
Let t = 5 + -2. Suppose -t*u - 2*u = -15. Suppose -29 - 28 = -u*v. List the prime factors of v.
19
Let c be (-494)/(-117) - (1 - 14/18). Let l(q) = 3*q**2 + 7*q - 10. List the prime factors of l(c).
2, 3, 11
Let b = 13 + -8. Suppose 0 = j - b + 3. Suppose 2*c = -j*c + 64. List the prime factors of c.
2
Suppose 52*u - 13628 = 11592. List the prime factors of u.
5, 97
Let j be (-36)/(-15)*(-15)/3. Let l = 15 + j. What are the prime factors of (108/(-15))/(l/(-15))?
2, 3
Let a be -1*(-7 + 4 - 1). Suppose -a*p - 146 = -2*y, 5*p + 215 = -y +